s(b) = -b + 10. Let l(k) = h*s(k) + 2*v(k). What is the tens digit of l(-9)?
1
Let b(l) = -9*l**2 + 3*l. Let w be b(-5). Let k be (-5)/(-35) + w/14. Let o = 1 - k. What is the tens digit of o?
1
Let k = 1458 - 138. What is the tens digit of k?
2
Let m = 8 - 18. Suppose 6*w - 5*w + 5*k - 11 = 0, -3*w + 33 = -k. Let a = w + m. What is the units digit of a?
1
Let b(f) = f + 12. Let g be (11 - 2)/(3 - 4). Let q be b(g). Suppose -3*n = 5*p - 92, -p + q*p = 2*n + 24. What is the units digit of p?
6
Suppose 3*c + 6 = 0, -o + 6*c - 4*c = -1700. What is the tens digit of o?
9
Let w = -16 + 20. Suppose -3*y - n + w = -2*n, 2*y + 3*n = 21. Suppose 0 = -k - y, -3*q = q - 3*k - 29. What is the units digit of q?
5
Let x(d) = -7 - 187*d**3 + 24 + 186*d**3 + 7 - 15*d + 16*d**2. What is the units digit of x(15)?
4
Suppose 8*a - 14534 = 6946. What is the hundreds digit of a?
6
Suppose 0 = -6*r + 3*r + 6, 2*t - 2*r = 10. Let z = 50 - t. What is the tens digit of z?
4
Let g = -78 - -104. Suppose 0 = 3*o - 469 - g. What is the hundreds digit of o?
1
Let t(k) = 7*k - 5. Let r(m) = -m**3 + 10*m**2 - 10*m + 13. Let w be r(9). Suppose y - 25 = -w*y. What is the tens digit of t(y)?
3
Suppose 0 = -46*y + 11340 + 31532. What is the tens digit of y?
3
Suppose o - 2*k - 551 = -2*o, -189 = -o - 2*k. Suppose -2*l + l + o = -3*f, 0 = 5*l + 3*f - 835. What is the hundreds digit of l?
1
Suppose -4*h + 28 + 8 = 0. Suppose 5*x + 176 = h*x. What is the tens digit of x?
4
Let r = -32 - -61. Suppose 0*w - 2*w + 94 = 2*c, w - 5*c = r. What is the tens digit of w?
4
Let l(j) = -j**3 - 3*j**2 + 8*j + 6. Suppose 3*g - 4*g + 3 = 0. Suppose 2*d + q - g = 3*d, 5*d + q = -27. What is the tens digit of l(d)?
1
Let v(m) = m**2 - m - 13. Let n be v(10). Suppose 0 = 3*z + n - 293. What is the units digit of z?
2
Let o(d) = -11*d**2 - 5*d + 4115. What is the units digit of o(0)?
5
What is the hundreds digit of (-5)/10 - 1556/(-8)?
1
Let h = -19 - -18. Let f be (h*1)/(22/(-176)). What is the tens digit of ((-59)/(-5))/(f/40)?
5
Suppose 5*s = b - 3*b + 55, 0 = 4*b - 4*s - 152. What is the units digit of 0 + 201/7 - (-10)/b?
9
Let m be (-3 - -3) + -3 - -1. Let o be (1/(2/(-84)))/m. Suppose -o = -4*x + 39. What is the units digit of x?
5
Let i(w) = 3*w**2 + 14*w + 43. What is the tens digit of i(-6)?
6
What is the units digit of -2*(-3690)/40*2?
9
Suppose -9*n - 865 = -2305. What is the hundreds digit of n?
1
What is the tens digit of (2/(-4))/((-14062)/(-2344) + -6)?
8
Suppose 0 = h + 3*n - 8, 4*h - 3*n = h. Suppose h*u + 167 = j, 491 = 4*j - j + 4*u. What is the tens digit of j?
6
Suppose 0 = 33*t - 79286 - 30109. What is the thousands digit of t?
3
Let p(b) = 4*b**2 - 3*b + 25. What is the hundreds digit of p(-13)?
7
Suppose -4*k + 0*k - 867 = -g, -5*g + 5*k = -4350. What is the tens digit of g?
7
Let o = -230 - -416. What is the hundreds digit of o?
1
Suppose -2*o = 3*b - 572, 5*b - 1140 = -4*o - 0*b. What is the hundreds digit of o?
2
Let a(u) = 113*u**3 + 2*u**2 - 1. Let w be a(1). Let o = -48 + w. What is the units digit of o?
6
Let o(k) = k**3 - 8*k**2 + 3*k - 20. Let f be o(8). What is the tens digit of (130/8 + 3)*f?
7
Suppose 5*o + 2*a + 110 = 4*a, -2*o - 2*a - 44 = 0. Let w(x) = x**3 - 10*x**2 - 7*x + 4. Let n be w(11). Let m = n + o. What is the tens digit of m?
2
Let w(n) = n**2 + 14*n + 44. Let v be w(-10). Suppose -v*t = 2*t - 1176. What is the tens digit of t?
9
Suppose 3*u + 54 - 202 = -2*z, 3*u = -6. Suppose 14 = -s + z. Suppose 2*p - 5*i + s = 3*p, -5*p = -2*i - 180. What is the tens digit of p?
3
Let n = -7 - -7. Suppose 4*r - 3*r - 2 = n. Suppose 5*k - 18 = r*k. What is the units digit of k?
6
Let n(q) = q**2 + 13*q + 78. What is the tens digit of n(-13)?
7
Let n = -6 + 24. Let v = n - -57. What is the units digit of v?
5
Let z be 12/(-15)*5/(-2). Suppose -h - 2*q = 6, z + 7 = 5*h - 3*q. What is the units digit of -2 + h + 3 + 5?
6
Suppose 0 = 5*x + 548 + 2377. What is the units digit of 2/14 + x/(-21)?
8
What is the hundreds digit of (4 - (-88)/(-12))/((-3)/270)?
3
Let c(r) = 102*r**2 + 9*r + 15. What is the tens digit of c(-2)?
0
What is the tens digit of (-2)/(-8) - (8 + (-18725)/28)?
6
Let v(g) = 5203*g**2 - 74*g + 75. What is the tens digit of v(1)?
0
Suppose 0*l + 3*z = -5*l, z = -3*l. Suppose l*q = 4*q - 384. Suppose -2*x - 39 = -n, -2*n + 4*x - q = -6*n. What is the tens digit of n?
2
Let k = 1 - -21. Let x = -10 + k. What is the units digit of 596/x + (-8)/12?
9
Let i(r) = 36*r**2 + 2*r + 1. Let b(a) = a**2 + a - 12. Let c be b(-4). Suppose 3 = h - c*h + 4*u, -3*u + 2 = h. What is the tens digit of i(h)?
3
Let i(h) = h + 3. Let c be i(-3). Let q be ((-51)/(-68))/(1/8). Suppose c = -q*k + 5*k + 21. What is the tens digit of k?
2
What is the units digit of (-12)/32 - 67/(-8)?
8
Suppose -5*p = -p. Suppose 0 = -y + 3 - 2. Let x = y + p. What is the units digit of x?
1
Suppose 0*m + s - 2334 = -2*m, -m - 4*s = -1181. What is the units digit of m?
5
Let p = 92 + -133. Let w = 102 + p. What is the tens digit of w?
6
What is the units digit of (2 + 9)*-791*(-5)/35?
3
Let a = -512 - -653. What is the tens digit of a?
4
Let i(n) = -30*n + 1. Let o be (1 - 2)/(7 + -6). What is the tens digit of i(o)?
3
Suppose 6 = -5*r - 2*c - c, -5*c + 21 = -2*r. What is the units digit of (r - -1)/(14/(-56))?
8
Let k(j) be the second derivative of 1/12*j**4 + 0 + j**2 + 1/2*j**3 + 4*j. What is the tens digit of k(-8)?
4
Let c(g) = -g + 9. Let n be c(6). Suppose -3*i - 234 = -n*o, 6*o - 3*o - 254 = -i. What is the tens digit of o?
8
Suppose 4*o = -4*z + 20, z - 11 = -2*z - 5*o. Let n(c) = 14*c - 23. What is the tens digit of n(z)?
7
Suppose 25 = 3*o + 7. Suppose o*c - c = 25, 0 = -f + 4*c + 93. What is the tens digit of f?
1
Let m(c) = 3*c - 11. Suppose -6 = -7*v + 4*v. Suppose 5*j = -3*i - 0*j + 13, -5*j + 2 = v*i. What is the units digit of m(i)?
2
Let f(w) = 10*w + 14. Let l(a) = -11*a - 14. Let s(n) = 5*f(n) + 4*l(n). What is the units digit of s(8)?
2
Let r(v) = -17*v + 4. Let p be r(-4). Suppose -3*o - o = -p. What is the tens digit of -1 + 1 + o + 1?
1
Let c(h) = 3*h + 38. Let m be c(16). Suppose m = 4*q + 2*w, w + 85 = 4*q + 2*w. What is the units digit of q?
1
Let j = -27 - -23. Let x be j/(-3) - 4/(-6). Suppose -x*f = -f - 39. What is the tens digit of f?
3
Suppose 4 = -4*s + 16. Suppose -3*v + s*a = 6, 10 = -2*v - 2*a - 2*a. Let n = v + 13. What is the units digit of n?
0
Suppose 0 = -y - 18 - 87. Let u = y - -161. What is the tens digit of u?
5
Let x(m) = -73*m**3 - m**2 + 1. Let j be x(-1). Let k = j - 24. Suppose 4*v - k = 15. What is the units digit of v?
6
Suppose -20 = -2*t + 4. Suppose -4*i + 4 = -t. What is the units digit of 183/21 - i/(-14)?
9
Let q(u) = 2*u - 2. Let p be q(-1). Let i(w) = w**3 + 5*w**2 + 2*w - 3. Let j be i(p). What is the tens digit of (j/15)/(1/231)?
7
Let f(i) = 2*i + 2. Let a(w) = -3*w - 3. Let q(c) = 3*a(c) + 4*f(c). Let v = 3 + -6. What is the units digit of q(v)?
2
Let m(a) = 776*a**2 - 7*a + 8. What is the hundreds digit of m(1)?
7
Let z(h) = -8*h + 44. Let x = 154 - 154. What is the tens digit of z(x)?
4
What is the hundreds digit of (-440)/15*282/(-4)?
0
Suppose 4*f - 53388 = -32*f. What is the thousands digit of f?
1
Let t = 1924 + -1283. What is the hundreds digit of t?
6
Suppose -881 - 1159 = -10*k. What is the units digit of k?
4
Suppose -2*x - 6 + 30 = 4*a, 5*x = 2*a + 60. Let u(s) = -s**3 + 13*s**2 - 11*s - 4. Let q be u(x). What is the units digit of 18/q*16/3?
2
Let j(c) = c**3 - 5*c**2 + 6*c - 4. Let q be j(5). Suppose 2*z - q = -4*u, u = z + 5*u - 7. Suppose -z*n + 48 = -16*n. What is the units digit of n?
6
Let t(x) = -x**2 + 39*x + 821. What is the hundreds digit of t(50)?
2
Let o(q) = -2*q**2 - 15*q - 11. Let j be o(-6). Suppose 37 = j*x - 54. What is the units digit of x?
3
Let g(f) = f**2 - 15*f + 7. Let d = 1 - -16. What is the units digit of g(d)?
1
Let u be (-1)/(3/6) - 6. Let j = u + 13. Suppose 3*m - j*a = 13 - 0, 6 = -3*a. What is the units digit of m?
1
Suppose -4*z = d - 146, -2*z = 2*z - 4. What is the tens digit of d?
4
Let d(f) = -f**3 + 9*f**2 + 10*f + 4. Let k be d(10). Suppose w - k*s = 84, -2*w - 3 = -3*s - 161. What is the units digit of w?
6
What is the hundreds digit of 4 - (-4)/(-4) - 1606/(-2)?
8
Suppose -52